5373597 composite?
False
Is 338582911 composite?
False
Is 4840159 a prime number?
True
Is 20109109 prime?
True
Is 4746167 prime?
False
Is 5129302 a prime number?
False
Is 1987577 a prime number?
True
Is 127637 a composite number?
False
Is 4474399 prime?
True
Is 3851977 composite?
False
Is 10738853 prime?
True
Is 1746947 composite?
False
Is 78833941 composite?
True
Is 38898779 a composite number?
False
Is 30615517 prime?
False
Is 605427 a composite number?
True
Is 4909793 a prime number?
False
Is 7306673 a prime number?
False
Is 94582711 prime?
True
Is 17525869 a prime number?
True
Is 122992253 a composite number?
False
Is 276319346 composite?
True
Is 5371297 composite?
False
Is 11104367 a prime number?
True
Is 244422421 a prime number?
True
Is 109713481 prime?
True
Is 531836909 prime?
True
Is 30016933 composite?
True
Is 337859711 prime?
False
Is 13178521 a prime number?
True
Is 6754871 a prime number?
True
Is 59890247 a prime number?
True
Is 73959779 a composite number?
False
Is 32097713 a composite number?
True
Is 30781105 prime?
False
Is 10299791 composite?
True
Is 9961021 composite?
True
Is 146901377 a composite number?
True
Is 59131277 a composite number?
False
Is 1422521 a composite number?
False
Is 59714933 composite?
False
Is 3680591 a prime number?
False
Is 87624281 composite?
True
Is 9338299 a composite number?
True
Is 170547149 composite?
True
Is 3569957 prime?
True
Is 31249511 a composite number?
False
Is 4049317 composite?
True
Is 19892211 a prime number?
False
Is 86333813 a prime number?
True
Is 6319583 a prime number?
True
Is 28096405 composite?
True
Is 7199323 a composite number?
False
Is 240721 a composite number?
True
Is 53585737 composite?
False
Is 18542677 prime?
True
Is 6368711 a composite number?
False
Is 12307741 composite?
False
Is 759431 prime?
True
Is 28095047 prime?
False
Is 2815399 a prime number?
True
Is 185987 prime?
True
Is 2363149 a composite number?
False
Is 17480149 a prime number?
True
Is 91581279 a prime number?
False
Is 918733 prime?
True
Is 84651323 a composite number?
False
Is 512659 a prime number?
False
Is 407003 prime?
False
Is 31747418 a prime number?
False
Is 97079641 a prime number?
True
Is 108818705 composite?
True
Is 29561213 a prime number?
False
Is 77657999 prime?
True
Is 15168677 composite?
False
Is 67692139 a composite number?
True
Is 5558681 a composite number?
True
Is 1373455781 a composite number?
False
Is 45746989 a prime number?
True
Is 17737567 a composite number?
False
Is 55036043 a prime number?
True
Is 338501939 composite?
True
Is 883601 composite?
True
Is 11803487 composite?
False
Is 1145411 prime?
True
Is 1255477 prime?
True
Is 13897 a composite number?
True
Is 107790011 prime?
False
Is 10700717 a prime number?
True
Is 16707359 prime?
True
Is 8088511 composite?
True
Is 147648395 composite?
True
Is 172533809 prime?
False
Is 778746233 a prime number?
True
Is 11701649 composite?
False
Is 1050061951 a prime number?
True
Is 11351245 a composite number?
True
Is 13639841 a composite number?
False
Is 5164517 a prime number?
True
Is 15649118 a composite number?
True
Is 10711703 a composite number?
False
Is 75879019 a prime number?
True
Is 82712249 a prime number?
True
Is 3189997 composite?
False
Is 21872087 prime?
True
Is 27993607 a composite number?
True
Is 309197 a composite number?
True
Is 1738466 a prime number?
False
Is 1146908423 composite?
False
Is 59602611 a prime number?
False
Is 7855922 a prime number?
False
Is 24869939 prime?
True
Is 64818883 prime?
True
Is 758443951 a prime number?
True
Is 23161443 composite?
True
Is 139241 a composite number?
False
Is 321491 a composite number?
True
Is 8926007 a composite number?
True
Is 27854069 composite?
False
Is 15316351 a prime number?
True
Is 21609733 a prime number?
True
Is 5812666 a prime number?
False
Is 158845451 prime?
True
Is 20712845 prime?
False
Is 59343159 prime?
False
Is 13899799 prime?
True
Is 15562553 a composite number?
False
Is 2680079 composite?
False
Is 155929 a prime number?
False
Is 4679677 composite?
False
Is 3510029 a prime number?
True
Is 1042021 a prime number?
True
Is 84710195 prime?
False
Is 476393 prime?
False
Is 10395377 composite?
False
Is 7347037 a prime number?
True
Is 485131 prime?
True
Is 28579709 prime?
True
Is 52286683 a prime number?
True
Is 11475911 prime?
True
Is 3295249 a composite number?
False
Is 69217621 composite?
True
Is 5095117 prime?
True
Is 25443863 prime?
True
Is 1739147 a prime number?
True
Is 7796039 a composite number?
False
Is 12963679 composite?
False
Is 252853 a prime number?
False
Is 19636783 a prime number?
True
Is 14023561 composite?
False
Is 29805121 prime?
False
Is 842617 a composite number?
False
Is 6318589 composite?
False
Is 156409745 a prime number?
False
Is 1391729 a prime number?
True
Is 132901909 prime?
False
Is 6663598 a prime number?
False
Is 3666497 prime?
False
Is 506933597 a prime number?
False
Is 113459569 composite?
True
Is 2119561 prime?
True
Is 515432053 prime?
False
Is 25533934 a composite number?
True
Is 79277227 prime?
False
Is 1351673 a prime number?
False
Is 32248651 a composite number?
True
Is 495307591 prime?
True
Is 47608189 a composite number?
False
Is 18542105 a prime number?
False
Is 1691317 prime?
False
Is 4969351 composite?
False
Is 4172003 a composite number?
True
Is 8316947 composite?
False
Is 6989867 prime?
False
Is 1094727 a composite number?
True
Is 5625281 composite?
False
Is 1895693 a composite number?
False
Is 16908617 a composite number?
True
Is 1232866 a composite number?
True
Is 103611 a prime number?
False
Is 25684163 composite?
True
Is 3067553 composite?
False
Is 4454141 a prime number?
True
Is 82040863 prime?
False
Is 1611809 prime?
True
Is 11593991 a prime number?
True
Is 3358423 prime?
True
Is 3823969 a prime number?
False
Is 30886111 a prime number?
True
Is 264307087 a composite number?
True
Is 3286495 prime?
False
Is 80672873 a composite number?
False
Is 38213711 a prime number?
False
Is 11857271 prime?
False
Is 15732029 composite?
True
Is 5486203 prime?
True
Is 2536987 prime?
False
Is 1267009 prime?
True
Is 189298 a composite number?
True
Is 1879961 prime?
True
Is 24624239 a composite number?
False
Is 564022 prime?
False
Is 1395641 a prime number?
False
Is 11310367 composite?
False
Is 5022949 a composite number?
True
Is 4414255 a prime number?
False
Is 495877 composite?
False
Is 34922317 prime?
False
Is 17636957 prime?
False
Is 29946947 a composite number?
False
Is 240299797 a composite number?
True
Is 46135147 a composite number?
False
Is 333402317 composite?
True
Is 396413 composite?
False
Is 67136521 a prime number?
True
Is 266756951 a prime number?
True
Is 116189297 a prime number?
False
Is 1663073 a prime number?
True
Is 32974387 composite?
True
Is 4757009 composite?
False
Is 77279 composite?
False
Is 1207751 a composite number?
False
Is 12992803 a prime number?
False
Is 461501 prime?
False
Is 8031731 a prime number?
True
Is 9409393 a composite number?
True
Is 1353133 a composite number?
False
Is 20027827 composite?
True
Is 4284097 composite?
True
Is 40458617 a composite number?
True
Is 592521 composite?
True
Is 9956179 composite?
True
Is 4694117 a composite number?
True
Is 18506573 a prime number?
False
Is 5613421 composite?
True
Is 4404499 composite?
True
Is 32260039 a composite number?
True
Is 1085957 composite?
False
Is 28069471 a prime number?
True
Is 1649387 a composite number?
True
Is 18072209 a prime number?
True
Is 6404845 prime?
False
Is 725533 prime?
False
Is 4720771 prime?
False
Is 691507 a prime number?
False
Is 3232189 a prime number?
True
Is 2642827 a prime number?
False
Is 1592327 prime?
False
Is 87950957 composite?
True
Is 45705233 prime?
False
Is 581465 a prime number?
False
Is 45918767 a prime number?
True
Is 30543911 a prime number?
False
Is 55902097 a prime number?
True
Is 19333959 prime?
False
Is 5303989 a prime number?
True
Is 53173559 composite?
True
Is 2436141 composite?
True
Is 67614058 prime?
False
Is 2892679 composite?
True
Is 102137 prime?
False
Is 9300953 prime?
False
Is 43824157 prime?
False
Is 4225747 composite?
True
Is 827935 composite?
True
Is 2009827 composite?
False
Is 24365455 a prime number?
False
Is 152310671 composite?
True
Is 2563931 prime?
False
Is 468415 a prime number?
False
Is 383735